 16 - s*b**2. Calculate t(m).
-8
Let r(i) = i**3 - 2*i**2 - 5*i + 3. Suppose 3*y = 4*b + 21, 4*b = b - 3*y. Let h be (2/4)/(b/(-18)). What is r(h)?
-3
Let x(k) be the first derivative of k**4/2 + 7*k**3/3 + k**2 - k + 1701. Determine x(-5).
-86
Let a(f) = -f**2 + 11*f + 13. Let i(q) = 101*q + 619. Let y be i(-6). Give a(y).
-13
Let f(y) be the first derivative of -y**3/3 + 5*y**2 - 5*y + 3181. Calculate f(10).
-5
Let k(v) be the third derivative of v**4/24 + 7*v**3/2 - v**2 - 12*v. Let r be k(-17). Let o(p) = p**2 - 4*p - 6. What is o(r)?
-6
Let y(i) = i**2 - 74*i + 804. Let q be y(61). Let v(w) = 2*w**3 + 7*w**2 + 13*w + 10. Let n(f) = -f**3 + f**2 - f - 1. Let x(z) = 3*n(z) + v(z). Give x(q).
-4
Let s(y) be the first derivative of -y**4/2 + 11*y**3/3 + 6*y**2 + 2*y + 7342. Calculate s(6).
38
Let q be 770/63 + (-2)/9. Let p = q + -5. Let r(g) be the second derivative of g**5/20 - g**4/2 - 3*g**3/2 + 3*g**2 + 3*g - 4. Determine r(p).
-8
Let p(s) be the third derivative of -s**5/30 - 19*s**4/12 + s**3/2 + 3293*s**2. Give p(-20).
-37
Let r = 220 - 217. Let s be 5/(-2 - 18/(-4)). Let y(t) = 19*t**s + 5*t - 21*t**2 - t. What is y(r)?
-6
Let u(h) = h - 7. Let f be (-12)/72 - ((-302)/(-12))/(-1). Let b = 37 - f. Suppose 0 = 5*k - b*k. Calculate u(k).
-7
Let t(s) be the first derivative of -s**4/2 - 4*s**3/3 - s**2/2 - 27*s + 266. Let z(x) = -x**3 - 2*x**2 - 15. Let h(a) = -3*t(a) + 5*z(a). Determine h(-4).
-38
Let t(k) be the third derivative of -k**5/10 + 61*k**4/12 + 29*k**3/2 + 4668*k**2. Give t(21).
3
Let t be 6/(-18)*4*((-84)/(-7))/4. Let h(i) = 1. Let y(n) = -n**2 - 2*n - 8. Let d(b) = -4*h(b) - y(b). Determine d(t).
12
Let l(x) = x**3 + 7*x**2 + x - 4. Suppose 165 = 5*b - 6*g + g, 0 = 3*g - 3. Suppose b*u = 31*u + 6, 23 = -3*r + u. Determine l(r).
-11
Let g(d) = 6*d - 1702 + 1722 + d - d. What is g(-10)?
-40
Suppose k = -4*k + 5*y - 70, 4*y + 4 = -2*k. Let a(b) be the second derivative of b**3/6 + 15*b**2/2 - 15*b + 316. Determine a(k).
5
Let m(n) = n**2 - 5*n - 7. Let q be m(6). Let d(j) = -2*j + 2. Let f(k) = -5*k**2 - 5*k + 9. Let i(h) = q*f(h) + 4*d(h). Calculate i(-1).
7
Let d be (-2 - -5)*(1 - 0). Let h(r) = 106 + 100 - 11*r - 204. Let l(z) = 26*z - 5. Let g(f) = 14*h(f) + 6*l(f). Give g(d).
4
Let o(p) = -3*p + 4. Let s be o(-2). Suppose 0 = r + 6*r - 84. Let m(t) = t**3 + r - 2*t**2 + 3*t + s*t**2 - t. What is m(-8)?
-4
Let z(a) = -a**3 + a**2 + 8*a + 5. Let h(c) = c**2 + c + 4. Let o be h(-3). Suppose -5*q + 28 = 2*k, -4*k + o = -q - 2. Determine z(q).
-11
Suppose -90*s + 499 = 769. Let b(c) = -3*c**3 - 2*c**2 + 6*c + 1. Calculate b(s).
46
Let y(i) = i + 74 + 67 - 229 + 75. Suppose -3*r + 3 = b, r - 3 = 5*b - 2. Give y(b).
-13
Let z be 56/98 - (-241)/7. Let h(r) be the first derivative of -32*r**2 - 6*r + 6 - 5 + 3 + z*r**2. Determine h(4).
18
Let v = -11 + 17. Let t(y) = 4*y**2 - 7*y + 39 - 41 + 4*y - 3*y**2 - 2*y**2. Determine t(v).
-56
Let v(q) = -2*q**3 + 4*q**2 + 16*q + 4. Let t be v(-2). Let s(b) = 5*b**3 - 19*b**2 + b - 8. Let w be s(t). Let u(c) = -c**2 + 12*c - 6. Determine u(w).
-6
Let k = 55916 + -55910. Let x(n) be the third derivative of n**7/5040 - n**6/240 - n**5/60 + 2*n**2. Let w(y) be the third derivative of x(y). Determine w(k).
3
Let n(g) = g**2 + 34*g - 190. Let y be (-26)/(-4)*(-25 - -19). Give n(y).
5
Let q(o) be the first derivative of -o**3/3 - 3*o**2 - 5*o + 2. Let p be q(-5). Let s(h) = 2 - h - 980*h**2 - 2 + 488*h**2 + 491*h**2. Determine s(p).
0
Let t(u) = u**3 + 5*u**2 + 14*u + 40. Let y = 19397 - 19401. What is t(y)?
0
Let a(d) = 4*d**2 - 49*d + 45. Let v(n) = n**2 - 15*n + 14. Let g(i) = -2*a(i) + 7*v(i). Give g(-8).
0
Let o = -6587 + 6583. Let y(q) = q**3 + 6*q**2. Give y(o).
32
Let c(m) be the second derivative of 6*m**3 - 117*m**2/2 - 368*m - 11. Calculate c(3).
-9
Let g = -2491 + 4255. Let d(y) = 3520 - 26*y - 1757 - g. Determine d(2).
-53
Let d(b) = -b**3 + 3*b**2 - 4*b - 1. Suppose -x + 6*x = -4*v - 16, 5*x - 16 = 4*v. What is d(x)?
-1
Let l(n) be the first derivative of -n**3/6 + n**2 - 23*n + 95. Let w(h) be the first derivative of l(h). Calculate w(13).
-11
Let a(s) = 89*s + 1163. Suppose -476 - 586 = 73*g - 113. Calculate a(g).
6
Let p(q) = -q**2 - 2*q + 3. Let g(m) = -m**3 + 10*m**2 + 58*m - 36. Let r(k) = -5*k - 161. Let t be r(-35). Let i be g(t). Give p(i).
-45
Let j be -2 - 0/(1/1). Let i(l) = 5*l**3 - 11*l**2 + 233*l - 15. Let n(c) = c**3 - 2*c**2 + 45*c - 3. Let p(g) = -6*i(g) + 31*n(g). Determine p(j).
11
Let a(h) = 19*h - 8*h - 12*h - 99 + 193 - 167. Give a(-11).
-62
Let m(v) = v**3 - 17*v**2 + 7*v + 17. Let x be m(17). Let n = x - 139. Let c(b) = -3*b**2 + 3*b**2 - 2*b + b + b**2 - 4. What is c(n)?
8
Let t = 4997 - 4991. Let r(v) = -v**2 - v + 27. Give r(t).
-15
Suppose 0 = -6*f + 16 + 14. Suppose 5*b - d = 3*d + 2, -f*d + 16 = 3*b. Suppose 0 = -4*l + b*l - 4. Let s(j) = -2*j + 2. What is s(l)?
6
Let z(b) = -10*b**2 + 5*b. Let h(u) = -7*u**2 + 4*u - 2. Let w(q) = -3*h(q) + 2*z(q). Determine w(0).
6
Let v = -7492 - -89905/12. Let p(z) be the second derivative of -v*z**4 - 19*z + 0 + 3*z**2 - 3/2*z**3. Give p(-9).
6
Let g(f) = 101*f - 502. Let b be g(5). Let n(c) be the second derivative of -2*c**2 + 0 + 5/12*c**4 - 12*c - 1/20*c**5 - 1/6*c**b. Calculate n(3).
11
Let p(y) = -7*y + 5. Let t = 6860 + -6854. Calculate p(t).
-37
Let u(a) = 12*a + 83. Let m(r) = -r**3 + 75*r**2 + 7*r - 532. Let t be m(75). What is u(t)?
-1
Let m be -5 + ((-574)/(-4) - 1/(-2)). Suppose -39*k + 22 = m. Let t(c) = 3*c**2 + 2*c + 1. Give t(k).
22
Suppose 7*o = 3*o + 276. Let r(g) = -o*g + 9 - 65*g + 133*g. Give r(7).
2
Let n(p) = -2*p - 8. Let s be n(-6). Suppose 0 = -s*j - 4*k, 0 = -3*j + 3*k - 4*k. Let x(c) = -c**3 + 1 + j*c**2 + 2*c**2 - 3*c**2 - 7. Determine x(0).
-6
Let g(q) = -4*q**2 - 7*q + 6. Let d be (2 - 8) + (22 - 6) - 6. Give g(d).
-86
Let h(v) = 48*v - 2229. Let l be h(47). Let k(m) = -m**3 + 25*m**2 + 53*m + 23. Give k(l).
-4
Let v be -21 - (-4)/2*12. Let l(m) be the first derivative of 2*m + m**2 - 1/4*m**4 - m**v + 41. Determine l(-3).
-4
Suppose 0 = -2*z - 4*s - 50, -10 = -3*z + s - 92. Let t(h) = h**2 + 31*h + 106. Give t(z).
-2
Let p(j) = -17*j + 6*j + 9*j + 133 - 67 - j**2. Determine p(0).
66
Let c(v) = -241629 - 241623 + 483250 - 8*v - 8*v**2 - v**3. What is c(-8)?
62
Let q(m) = 2*m**3 + m**2 - 5*m + 5. Let v = -847 + 849. What is q(v)?
15
Let b(c) = -8*c**2 - 37*c - 17. Let k(a) = -14*a**2 - 76*a - 35. Let h(r) = 5*b(r) - 3*k(r). Give h(-21).
-1
Suppose -5*p = -2*p - 5*w + 20, p - 20 = -5*w. Let q(x) = 9*x - 4*x + 0 + p*x - x**2 - 6. Suppose 42 = -8*h + 15*h. Calculate q(h).
-12
Let x(b) = -b**3 - 11*b**2 - 6*b + 4. Let l be ((-12)/(-3))/((-896)/1120). Determine x(l).
-116
Let r(m) be the second derivative of -m**4/4 - m**3/2 + 8*m. Let z = 2921 + -2923. Calculate r(z).
-6
Let b(s) = 10*s - 9. Let q(w) = -8*w + 9. Let x(c) = 34*c + 412. Let p be x(-12). Let g(v) = p*q(v) + 3*b(v). Give g(5).
-1
Suppose -400*f - 657 - 223 = -480*f. Let i(s) = -s**2 - 2*s + 27. Calculate i(f).
-116
Let t(f) = -f**3 + f**2 - 20. Let v be ((1 - -3) + -13 - -3) + (-25 - -31). Calculate t(v).
-20
Suppose a = 167 - 180. Let g(d) be the second derivative of -d**4/12 - 7*d**3/3 - 3*d**2 - 10*d. Let v be g(a). Let f(h) = h**3 - 7*h**2 + 1. Calculate f(v).
1
Let l(o) = 723*o - 2184*o + 1 + 734*o + 729*o + 6. Let v(u) = -u**2 + 8*u - 5. Let d be v(7). Let b be 3/d*(-3 - 1). Determine l(b).
-5
Suppose 26*w = 284 - 206. Let c(n) be the third derivative of -n**6/120 + n**5/30 + n**4/6 - n**3/3 + 3*n**2. Determine c(w).
1
Let x = -191 + 200. Suppose 17*q - 24 = x*q. Let d(r) = -8*r. Determine d(q).
-24
Let o = 2 + -2. Let c(s) be the third derivative of 0*s**4 - 4/3*s**3 - s**2 - 1/120*s**6 + 9 + 1/60*s**5 + 0*s. Give c(o).
-8
Let g be (4/(-2))/((-24)/(-18) - 2). Suppose -5 = -2*u - g*h - 2, 0 = -4*h - 12. Let t(d) = d - 2. Give t(u).
4
Let h(v) = -30315*v**2 + 15153*v**2 + 5*v + 15160*v**2 + 3 - v**3. Give h(-3).
-3
Let v(g) = -g**2 + 23*g - 36. Suppose 2*h + 561 = 4*a + 471, 2*a + 3*h = 33. Determine v(a).
6
Let j(z) = 7*z + 317. Suppose 0 = 3*v - 4*a + 132, -3*v - 88 = -v - 3*a. Determine j(v).
9
Let u(z) = -2*z**3 - 5*z**2 - 6*z - 9. Let g be u(-3). Let m(a) = 6*a - 5 + 4*a + 10*a + 6*a - g*a. Calculate m(2).
11
